by 43?
39
What is the remainder when 158654 is divided by 465?
89
What is the remainder when 314020 is divided by 31?
21
Calculate the remainder when 13942 is divided by 874.
832
What is the remainder when 818 is divided by 294?
230
What is the remainder when 32728 is divided by 132?
124
What is the remainder when 34953 is divided by 11618?
99
What is the remainder when 34661 is divided by 394?
383
What is the remainder when 39172 is divided by 39162?
10
Calculate the remainder when 2613 is divided by 58.
3
What is the remainder when 14543 is divided by 14412?
131
Calculate the remainder when 14256 is divided by 139.
78
Calculate the remainder when 60845 is divided by 15210.
5
Calculate the remainder when 28665 is divided by 54.
45
Calculate the remainder when 120468 is divided by 70.
68
Calculate the remainder when 7801 is divided by 500.
301
Calculate the remainder when 475965 is divided by 764.
757
What is the remainder when 92 is divided by 22?
4
Calculate the remainder when 39965 is divided by 9.
5
Calculate the remainder when 2116 is divided by 169.
88
What is the remainder when 279358 is divided by 16?
14
What is the remainder when 21271 is divided by 136?
55
Calculate the remainder when 1374279 is divided by 172.
171
Calculate the remainder when 3991 is divided by 567.
22
Calculate the remainder when 12241 is divided by 1356.
37
What is the remainder when 10039 is divided by 78?
55
Calculate the remainder when 7318 is divided by 587.
274
What is the remainder when 10739 is divided by 3572?
23
What is the remainder when 21009 is divided by 617?
31
Calculate the remainder when 121318 is divided by 1093.
1088
Calculate the remainder when 116400 is divided by 58194.
12
Calculate the remainder when 431700 is divided by 2585.
5
Calculate the remainder when 35550 is divided by 8887.
2
Calculate the remainder when 395407 is divided by 57.
55
What is the remainder when 10587 is divided by 2115?
12
What is the remainder when 11425 is divided by 13?
11
What is the remainder when 6503 is divided by 812?
7
What is the remainder when 5618 is divided by 561?
8
Calculate the remainder when 2679 is divided by 523.
64
Calculate the remainder when 2758 is divided by 229.
10
What is the remainder when 10901 is divided by 527?
361
What is the remainder when 995278 is divided by 290?
288
What is the remainder when 2435 is divided by 40?
35
What is the remainder when 38928 is divided by 2423?
160
What is the remainder when 6018 is divided by 16?
2
Calculate the remainder when 856 is divided by 823.
33
What is the remainder when 3320 is divided by 31?
3
What is the remainder when 2972 is divided by 12?
8
What is the remainder when 196253 is divided by 55?
13
Calculate the remainder when 9697 is divided by 9592.
105
What is the remainder when 32266 is divided by 116?
18
Calculate the remainder when 81771 is divided by 33.
30
Calculate the remainder when 5670 is divided by 530.
370
Calculate the remainder when 395 is divided by 157.
81
Calculate the remainder when 7777 is divided by 1986.
1819
Calculate the remainder when 14352 is divided by 682.
30
Calculate the remainder when 453309 is divided by 143.
142
Calculate the remainder when 983118 is divided by 715.
708
Calculate the remainder when 41237 is divided by 163.
161
What is the remainder when 19105 is divided by 105?
100
What is the remainder when 4409 is divided by 244?
17
Calculate the remainder when 233433 is divided by 381.
261
Calculate the remainder when 10626 is divided by 297.
231
What is the remainder when 1506 is divided by 317?
238
Calculate the remainder when 62480 is divided by 4.
0
Calculate the remainder when 13311 is divided by 32.
31
What is the remainder when 3868 is divided by 41?
14
Calculate the remainder when 773 is divided by 1.
0
What is the remainder when 16029 is divided by 456?
69
Calculate the remainder when 690198 is divided by 203.
201
Calculate the remainder when 4721 is divided by 364.
353
What is the remainder when 756 is divided by 26?
2
Calculate the remainder when 840978 is divided by 468.
450
What is the remainder when 1161 is divided by 200?
161
Calculate the remainder when 644 is divided by 285.
74
Calculate the remainder when 2841897 is divided by 94.
89
Calculate the remainder when 116456 is divided by 9.
5
What is the remainder when 85398 is divided by 17079?
3
Calculate the remainder when 64903 is divided by 23.
20
Calculate the remainder when 1382910 is divided by 64.
62
Calculate the remainder when 3612 is divided by 718.
22
Calculate the remainder when 815 is divided by 412.
403
Calculate the remainder when 2807354 is divided by 15.
14
Calculate the remainder when 288650 is divided by 1804.
10
Calculate the remainder when 51225 is divided by 582.
9
What is the remainder when 2746 is divided by 796?
358
Calculate the remainder when 13217 is divided by 413.
1
What is the remainder when 34932 is divided by 92?
64
Calculate the remainder when 1242 is divided by 1183.
59
What is the remainder when 13249 is divided by 10?
9
Calculate the remainder when 215323 is divided by 55.
53
What is the remainder when 101442 is divided by 389?
302
What is the remainder when 3926 is divided by 457?
270
What is the remainder when 13059 is divided by 1450?
9
Calculate the remainder when 13536 is divided by 49.
12
Calculate the remainder when 11077 is divided by 5478.
121
What is the remainder when 55544 is divided by 1851?
14
What is the remainder when 4663 is divided by 65?
48
Calculate the remainder when 79295 is divided by 31.
28
Calculate the remainder when 23148 is divided by 925.
23
What is the remainder when 69529 is divided by 644?
621
Calculate the remainder when 35105 is divided by 96.
65
Calculate the remainder when 213874 is divided by 457.
455
Calculate the remainder when 947 is divided by 88.
67
What is the remainder when 15037 is divided by 62?
33
What is the remainder when 6763 is divided by 7?
1
What is the remainder when 430 is divided by 175?
80
Calculate the remainder when 1436 is divided by 253.
171
What is the remainder when 729 is divided by 722?
7
Calculate the remainder when 53327 is divided by 30.
17
What is the remainder when 627083 is divided by 2208?
11
Calculate the remainder when 20881 is divided by 6940.
61
What is the remainder when 168320 is divided by 42080?
0
Calculate the remainder when 6481 is divided by 146.
57
Calculate the remainder when 15751 is divided by 76.
19
What is the remainder when 105246 is divided by 8?
6
What is the remainder when 566 is divided by 169?
59
Calculate the remainder when 3134 is divided by 400.
334
What is the remainder when 3283 is divided by 675?
583
What is the remainder when 146 is divided by 71?
4
What is the remainder when 128 is divided by 96?
32
Calculate the remainder when 293777 is divided by 148.
145
Calculate the remainder when 1266 is divided by 85.
76
What is the remainder when 70141 is divided by 209?
126
What is the remainder when 62673 is divided by 352?
17
What is the remainder when 337172 is divided by 252?
248
What is the remainder when 2017 is divided by 667?
16
What is the remainder when 12021 is divided by 34?
19
Calculate the remainder when 2490 is divided by 412.
18
Calculate the remainder when 74655 is divided by 7463.
25
Calculate the remainder when 15050 is divided by 1367.
13
Calculate the remainder when 80262 is divided by 14.
0
Calculate the remainder when 63641 is divided by 22.
17
Calculate the remainder when 51083 is divided by 11.
10
Calculate the remainder when 4036 is divided by 988.
84
What is the remainder when 9450 is divided by 137?
134
Calculate the remainder when 260097 is divided by 850.
847
Calculate the remainder when 462965 is divided by 154318.
11
What is the remainder when 1029 is divided by 86?
83
Calculate the remainder when 7535 is divided by 7497.
38
What is the remainder when 194501 is divided by 12152?
69
What is the remainder when 4906219 is divided by 638?
637
Calculate the remainder when 22260 is divided by 5555.
40
Calculate the remainder when 19602 is divided by 112.
2
What is the remainder when 9798 is divided by 9?
6
Calculate the remainder when 870247 is divided by 870245.
2
What is the remainder when 147679 is divided by 416?
415
Calculate the rem